.
-3
What is 4 + (-10 - (8 - 5))?
-9
What is -5 + 2 + 3 + -4?
-4
What is the value of -1 - (-4 + -6 + 9)?
0
Calculate 8 - 3 - (10 - 2).
-3
(-4 - 2 - -6) + 10
10
Calculate (0 - 0) + -1 - (8 - 15).
6
-9 - (-9 + 1) - -7
6
(-2 - -12) + -3 + (-11 - -11)
7
Calculate 0 + -4 - (-9 + (-5 - -15)).
-5
-2 + 3 + 0 + (5 - 4)
2
Calculate (2 + -7 + 7 - 5) + 7.
4
What is the value of 10 + -9 - (-7 + 1)?
7
10 + -16 + (0 - -7)
1
What is 4 + 2 + -1 + -2?
3
What is 2 + 0 + -2 - (-21 + 25)?
-4
Calculate -3 + 6 + -7 + 1 + 2.
-1
Calculate (3 - -1) + -5 + (-5 - -8).
2
What is the value of (-4 - -4) + (-12 - -5) - -10?
3
4 + -1 + -2 + -1 + -3
-3
Evaluate -12 + (11 - 21 - -13).
-9
What is the value of 0 + -1 + 2 + -1?
0
-6 - (-2 - (-6 - -10))
0
What is 6 + -12 - ((-6 - -4) + -1)?
-3
What is the value of 15 + -13 + 1 + -3?
0
What is 4 + (12 + -21 - -10)?
5
3 + 1 + 1 + -3 + 3
5
Calculate 1 - 8 - (34 - 44).
3
-1 + 8 - (28 + -22)
1
Evaluate (-3 - -4) + 0 - (-1 - -6).
-4
8 + (1 - 5) - 4
0
What is (2 + 1 + 0 - 3) + 5?
5
What is the value of (-4 - -2 - 3) + (-27 - -28)?
-4
10 - (-8 + 16) - 9
-7
What is the value of 0 - (2 + -4 + 1 + 2)?
-1
Evaluate -4 - (6 - 13) - (1 - 4).
6
Calculate 3 - (-6 + (-8 - -13)).
4
What is the value of -9 - ((6 - 3) + 0 + -7)?
-5
What is the value of -6 + (-2 + -7 + 5 - -7)?
-3
Evaluate -11 + -12 + 18 - (1 - 2).
-4
What is -4 + -5 + (-8 + 2 - -10)?
-5
What is (4 - 27) + 0 + 13?
-10
5 - 4 - (-14 + 9)
6
Calculate (-3 - 0) + 47 + -53.
-9
Evaluate 4 + (1 + 0 + 0 - 1).
4
5 + 3 - 16 - 1
-9
What is 9 - 13 - (4 - 6)?
-2
Evaluate -5 - (2 - -5) - -22.
10
Evaluate 7 + (-3 + 0 - 1).
3
(11 - (3 - -2)) + (-2 - 10)
-6
Evaluate -8 - (-2 + 0) - (-67 + 66).
-5
-2 + -1 + -4 - -9
2
-4 - (7 - (12 + -2) - -3)
-4
Evaluate 0 + (-5 - (0 + -3 + 1)).
-3
What is 30 + -30 - ((2 - -4) + -1)?
-5
Calculate 3 - 6 - (-5 + 1 + -1).
2
Evaluate 0 - (-5 + (8 - 6)).
3
Evaluate 7 - (-1 + 2 + 0).
6
Evaluate 49 + -46 - (0 + 2 + 2).
-1
What is the value of (1 - -7) + (-2 - 1)?
5
Evaluate (0 - -1) + -6 + -4 + 5.
-4
What is the value of 1 - (4 - (2 + 1))?
0
What is -6 + 11 + -2 + 0 + 0?
3
What is -1 + (1 - (0 + -5))?
5
What is the value of 0 + 9 - (-6 + 9)?
6
What is 10 + -3 + -1 - (10 - 2)?
-2
What is the value of -2 - (-3 - (3 - 1))?
3
(7 - 1 - 9) + (-2 - -1)
-4
Calculate (9 - 23) + 8 + (1 - -2).
-3
Evaluate 10 - (-6 + 5 - -7).
4
Evaluate (1 - -4) + (-34 - -34).
5
-4 + -2 + 2 + 0
-4
What is the value of -7 - (-6 + 8 - (13 + -4))?
0
Evaluate 132 - 150 - (-2 - 10).
-6
What is the value of 4 + -1 + (0 - -1)?
4
(1 - 1) + 1 + -4 + 2
-1
What is the value of 2 - (0 + 2) - (4 - 1)?
-3
What is (-4 - (-5 - -4)) + 1 + 2?
0
-1 - (-3 + (0 - 1)) - -1
4
What is 3 - 0 - (7 + -1 - 3)?
0
0 - (2 + -6 + (3 - 0))
1
What is (1 - 2) + (4 - 0) - 1?
2
What is the value of -2 - 1 - (-1 - -1) - 1?
-4
Evaluate 5 + -7 + -1 - -6.
3
10 + -2 - (-5 - (-27 - -18))
4
What is the value of 10 + 0 + -18 - -9?
1
Calculate -1 + (0 + -3 - 0) - -6.
2
What is 3 - (3 - (4 - 5))?
-1
Calculate -2 + 14 + (-17 - -15) - 3.
7
-4 - -23 - (-17 + 28)
8
What is the value of 5 - -2 - (3 + 4)?
0
What is 9 - (9 - (-8 + 16))?
8
Evaluate -5 - (-6 + 1 + -5 + 6).
-1
What is the value of (2 - 1) + 1 - (-5 - -4)?
3
-2 + (3 - 6 - -3)
-2
What is 3 - (7 - 2) - -4?
2
Calculate -5 + -2 + 9 + -3 + -1.
-2
What is the value of 1 + (22 + -9 - 7)?
7
Calculate 3 + (4 - (3 - -9)).
-5
-2 - (-13 - (-3 - 3))
5
Calculate 2 - 5 - (12 + -11).
-4
What is (14 + -3 - 2 - 3) + -1?
5
What is 3 - -2 - (4 - (10 - 6))?
5
What is 5 + -3 - ((-10 - -2) + 5)?
5
-9 + (19 - 10) - 6
-6
Calculate (-4 - -3 - -5) + 1.
5
Calculate -2 - ((3 - 4 - -2) + -1).
-2
What is 0 + -2 + (1 - 2) - -2?
-1
Evaluate 0 - (0 + 1 - 4).
3
-1 - 1 - -6 - (1 + 9)
-6
-2 - 2 - (3 - 8)
1
Evaluate 4 - (-11 + 28 - 9).
-4
Calculate (12 - 1) + -6 + -5.
0
What is 6 + -3 + 1 + -7?
-3
What is the value of (0 - -5) + 2 + -12 + 9?
4
What is 3 + (-10 - (-6 + 3) - -3)?
-1
What is the value of 57 - 56 - (2 - 1)?
0
What is the value of 0 - ((-7 - -5) + 1 + -3)?
4
What is 8 + (-10 - -3 - -9)?
10
What is the value of (-8 - 2) + -2 + -39 + 46?
-5
Calculate -9 + (-1 - -10 - (29 - 26)).
-3
-8 - (-7 - -2) - -4
1
What is the value of -17 - -22 - (-1 + 7)?
-1
What is -2 - -1 - (-1 + -2 + 3)?
-1
What is (14 - (16 + -5)) + (-8 - 0)?
-5
What is the value of (2 - (5 + -11)) + -4?
4
What is the value of 19 - 21 - (-3 - -2)?
-1
What is -2 - 1 - (-3 + (-2 - -2))?
0
What is the value of 1 - 0 - (-2 + (0 - -1))?
2
What is 2 + -6 + 4 + 4?
4
Evaluate (-10 + 7 - -7) + -5 + 3.
2
Evaluate (-6 - 4 - -8) + 4.
2
Calculate -4 - (-8 + 3) - 0.
1
What is -4 + (0 - -3 - 2)?
-3
Evaluate 3 + -5 + -2 + 0.
-4
What is the value of (1 + 3 - 3 - 0) + 0?
1
Evaluate -1 + -5 + (7 - -1).
2
Evaluate 8 + (-6 - 0 - 3).
-1
What is the value of (2 - 6) + -1 + 4?
-1
-7 - -4 - 2 - -3
-2
Evaluate (-7 - (-6 - -1)) + 7 - 4.
1
What is (-6 + 11 - 8) + 4 + 4?
5
Calculate (10 - 5) + -4 - (-1 - -5).
-3
3 + -6 + 5 - 0
2
Calculate 10 + (12 - 14) + 0.
8
Calculate (-1 - 0) + (4 - (-2 + 8)).
-3
Evaluate (-7 - -7) + 7 - 7.
0
What is (-4 - -10) + (-9 - -9)?
6
Evaluate (-2 + -2 - -6) + -6 + 3.
-1
6 + -1 + -3 + -3
-1
Calculate -15 + 2 + 5 + 9.
1
Calculate 8 + -4 + 5 + (-6 - -2).
5
What is the value of 2 - (-1 - -2) - 2?
-1
What is the value of -1 - (-1 - 3) - (18 - 18)?
3
6 - (-7 + 20 + -4)
-3
Calculate -8 + 4 + -11 + 11.
-4
What is the value of -7 - -7 - (8 - 12)?
4
What is 4 + 1 + -4 - (7 - 0)?
-6
Calculate 7 + -14 + 12 + 5 + -8.
2
Evaluate 0 - -2 - (-5 + 5) - 4.
-2
What is the value of 1 - (-1 + 0) - 1?
1
What is the value of 2 - (-1 - 2 - (-8 - 4))?
-7
What is the value of (2 - -4) + -4 - 2?
0
(5 + -7 - (-4 - 0)) + -4
-2
Calculate 6 + 1 - (14 + -2 - 5).
0
What is (3 - -2) + 2 + -5 + 0?
2
Calculate 1 - (3 + -2) - -3.
3
Calculate -9 - -3 - -11 - 1.
4
What is the value of -2 - -12 - (4 + 1) - 10?
-5
What is the value of (3 - (-3 - (-2 - 4))) + 2?
2
Calculate 6 + 4 + (1 - 8).
3
2 + (2 - (-4 + 9))
-1
What is the value of 2 - ((-1 - -2) + 3)?
-2
What is (-2 - (4 - 9)) + -2?
1
What is 1 - (3 + (-5 - -8))?
-5
What is 2 - (-1 + 3 + (3 - 0))?
-3
Calculate 5 + (-2 - 5 - 3).
-5
What is the value of -1 + 4 + -3 + 1 + -4?
-3
Evaluate -3 - (-3 + (-1 - -4)).
-3
What is the value of (20 - 8) + 1 - 3?
10
What is the value of 0 - (-3 + -4) - 12?
-5
Calculate (-32 - -26) + 5 + 0.
-1
What is 1 - (1 - (-1 - 3))?
-4
What is the value of -2 + 6 + -2 + 2?
4
Calculate -11 - (-1 - (6 - -1)).
-3
What is 3 + -5 + 5 - (1 + -1)?
3
What is the value of 1 - (3 + (-14 - -8))?
4
Calculate 3 + -1 + 1 + 4 + -10.
-3
Calculate -58 + 53 + 6 + 2 + 1.
4
What is -7 + 5 + 0 + (2 - -1)?
1
Evaluate -4 + (-4 - -7) - -2.
1
-2 + 1 + (-27 - -18)
-10
What is 0 + 1 + 0 + 1?
2
What is the value of (-8 - -3) + (0 - -1 - -3)?
-1
Evaluate (-3 - (-5 + 2)) + (4 - 2).
2
(-22 - -26) + -1 + 3
6
Calculate -2 + 0 + 1 - (-4 + 4).
-1
Evaluate -12 + 17 + -3 + (-12 - -1).
-9
Evaluate 2 + (7 + -3 - 10).
-4
What is -9 + 6 + (-12 - -4)?
-11
What is the value of (-3 - -2) + (3 - 1 - 3)?
-2
Evaluate 1 - (0 + 1 + 0 - -1).
-1
What is 4 + -5 + 6 + -3 + 1?
3
Evaluate (1 - 5) + -1 + -3.
-8
What is the value of -4 + 5 + 1 + (0 - 5)?
-3
Evaluate -1 - (0 + -2 + (-20 - -16)).
5
Evaluate (-3 - (-1 + -3)) + 1 - 4.
-2
Evaluate (4 - (1 + (-2 - 4))) + -5.
4
What is 3 + (10 + 1 - 22)?
-8
Calculate -8 + 6 + -11 + 11.
-2
What is the value of (2 + -5 - -4) + -1?
0
Evaluate (-1 - 0 - (2 + -1)) + 3.
1
3 + (-7 - -4) + -1
-1
Calculate -4 + 2 + (3 - 6 - -4).
-1
What is the value of 0 + -4 - (-1 + -1)?
-2
What is the value of 0 - (1 - (-1 + -2)) - -4?
0
Calculate 8 + -14 + (7 - 3).
-2
What is 6 + (-4 - (5 - 4))?
1
Calculate 1 + -2 + 15 + -14.
0
What is the value of 3 - 1 - (9 + -1 + 5)?
-11
Calculate -4 + -1 - (5 + 2 + -16).
4
(8 - 5) + (3 + -5 - 1)
0
What is the value of (-9 - (-11 - -4)) + (0 - 0)?
-2
Evaluate -7 + (-4 - 6) + 10.
-7
(1 - -2 - 4) + -3
-4
7 - 4 - (-1 + 2)
2
What is -2 + -3 + (0 - -7)?
2
Evaluate (-5 - 0) + (4 - 8) - -4.
-5
What is the value of 10 + -7 + -3 - (2 + -1)?
-1
1 + 0 + 1 - 1
1
(-16 - 2 - -6) + 3
-9
Calculate 0 + 2 + -2 + 1.
1
What is -4 + (-4 - -5 - (-2 - -2))?
-3
What is 7 + -4 + 1 - 9?
-5
Evaluate -8 + -1 + (2 - -2) + 11.
6
(3 - 4 - 0) + 3 - 7
-5
Calculate -7 + (-1 - -2) + (-15 - -22).
1
Evaluate (-2 - (-5 - 8)) + -4.
7
What is the value of 2 + -4